lions digit of 602873303?
2
What is the ten thousands digit of 2576809282?
0
What is the ten millions digit of 22317588?
2
What is the hundred millions digit of 172419905?
1
What is the billions digit of 2968337168?
2
What is the hundreds digit of 113733731?
7
What is the hundred thousands digit of 19918645?
9
What is the hundred millions digit of 362489376?
3
What is the hundred thousands digit of 166496329?
4
What is the hundred millions digit of 116218572?
1
What is the hundred thousands digit of 126759849?
7
What is the units digit of 493297008?
8
What is the ten millions digit of 1223254295?
2
What is the thousands digit of 1020962202?
2
What is the millions digit of 1084903713?
4
What is the ten millions digit of 2234215636?
3
What is the thousands digit of 26628844?
8
What is the tens digit of 210855758?
5
What is the hundred millions digit of 5060803643?
0
What is the millions digit of 499016510?
9
What is the thousands digit of 827948191?
8
What is the ten millions digit of 167276681?
6
What is the ten millions digit of 2590151382?
9
What is the ten millions digit of 43884995?
4
What is the ten millions digit of 12002689?
1
What is the ten millions digit of 268638035?
6
What is the tens digit of 121430584?
8
What is the hundred thousands digit of 648665040?
6
What is the ten millions digit of 462720526?
6
What is the ten millions digit of 3614140663?
1
What is the ten thousands digit of 175722192?
2
What is the ten millions digit of 289595748?
8
What is the units digit of 9379796?
6
What is the hundred thousands digit of 830818225?
8
What is the hundred millions digit of 2192261515?
1
What is the ten thousands digit of 931337?
3
What is the thousands digit of 835407301?
7
What is the units digit of 153537525?
5
What is the millions digit of 488366182?
8
What is the ten thousands digit of 734397963?
9
What is the ten thousands digit of 273202932?
0
What is the hundreds digit of 326962811?
8
What is the hundred millions digit of 505140117?
5
What is the tens digit of 22123576?
7
What is the ten thousands digit of 527279552?
7
What is the thousands digit of 1920344773?
4
What is the units digit of 1526895853?
3
What is the millions digit of 1604161773?
4
What is the units digit of 393442989?
9
What is the tens digit of 265675682?
8
What is the hundred thousands digit of 454061418?
0
What is the millions digit of 13435579?
3
What is the hundreds digit of 17392526?
5
What is the thousands digit of 46019533?
9
What is the millions digit of 1177658276?
7
What is the hundred thousands digit of 2423588?
4
What is the tens digit of 115202276?
7
What is the hundred thousands digit of 8960964?
9
What is the thousands digit of 3775516980?
6
What is the hundred millions digit of 310893727?
3
What is the hundred thousands digit of 5499218347?
2
What is the tens digit of 1776905040?
4
What is the millions digit of 2296587989?
6
What is the ten thousands digit of 4289048234?
4
What is the hundreds digit of 94157744?
7
What is the ten thousands digit of 250736265?
3
What is the thousands digit of 1355615927?
5
What is the units digit of 557383411?
1
What is the tens digit of 145129924?
2
What is the ten thousands digit of 713999?
1
What is the tens digit of 54011822?
2
What is the millions digit of 457567449?
7
What is the thousands digit of 92202726?
2
What is the ten millions digit of 205458027?
0
What is the thousands digit of 21114352?
4
What is the millions digit of 521453532?
1
What is the hundreds digit of 62366344?
3
What is the hundreds digit of 259694965?
9
What is the units digit of 75219027?
7
What is the units digit of 1666770424?
4
What is the ten millions digit of 152430315?
5
What is the tens digit of 38902104?
0
What is the tens digit of 5528745844?
4
What is the units digit of 4307631?
1
What is the ten thousands digit of 4701913220?
1
What is the hundred millions digit of 175791375?
1
What is the ten thousands digit of 773946410?
4
What is the hundreds digit of 83564871?
8
What is the ten thousands digit of 28920556?
2
What is the millions digit of 75951395?
5
What is the hundreds digit of 22894621?
6
What is the units digit of 3219828795?
5
What is the ten thousands digit of 632966694?
6
What is the thousands digit of 9445049?
5
What is the millions digit of 48093184?
8
What is the ten millions digit of 600523921?
0
What is the millions digit of 9468853?
9
What is the hundred millions digit of 254693226?
2
What is the units digit of 444307963?
3
What is the ten millions digit of 31719386?
3
What is the hundred thousands digit of 38466265?
4
What is the thousands digit of 24009826?
9
What is the hundred millions digit of 966965904?
9
What is the hundreds digit of 122255420?
4
What is the units digit of 43333273?
3
What is the ten thousands digit of 3644289571?
8
What is the ten millions digit of 341219477?
4
What is the hundred thousands digit of 729803353?
8
What is the tens digit of 6185348?
4
What is the ten thousands digit of 652517732?
1
What is the hundreds digit of 38821787?
7
What is the ten millions digit of 68001641?
6
What is the ten thousands digit of 1522895962?
9
What is the hundreds digit of 28327268?
2
What is the units digit of 1400815321?
1
What is the units digit of 739635396?
6
What is the hundred thousands digit of 56974744?
9
What is the millions digit of 335416446?
5
What is the hundred thousands digit of 128047642?
0
What is the tens digit of 2999579230?
3
What is the hundreds digit of 3254829507?
5
What is the ten millions digit of 95364079?
9
What is the tens digit of 233082932?
3
What is the units digit of 1136447890?
0
What is the tens digit of 82408292?
9
What is the ten millions digit of 5446991981?
4
What is the thousands digit of 27584881?
4
What is the ten millions digit of 86870924?
8
What is the ten millions digit of 127094586?
2
What is the millions digit of 95886649?
5
What is the hundred thousands digit of 112196366?
1
What is the hundreds digit of 211833100?
1
What is the millions digit of 698631114?
8
What is the hundred thousands digit of 3170159078?
1
What is the hundred thousands digit of 112127653?
1
What is the ten millions digit of 97841896?
9
What is the millions digit of 466453174?
6
What is the hundred thousands digit of 30271088?
2
What is the hundred thousands digit of 5450143191?
1
What is the ten millions digit of 156860582?
5
What is the ten millions digit of 52033211?
5
What is the hundred thousands digit of 2004675975?
6
What is the ten thousands digit of 249790297?
9
What is the ten thousands digit of 1965215103?
1
What is the hundred thousands digit of 172968697?
9
What is the units digit of 1894052486?
6
What is the thousands digit of 300863055?
3
What is the thousands digit of 164753055?
3
What is the thousands digit of 561519898?
9
What is the millions digit of 15751833?
5
What is the ten millions digit of 140286187?
4
What is the billions digit of 3348826593?
3
What is the hundreds digit of 8349951?
9
What is the hundred millions digit of 574182629?
5
What is the hundreds digit of 2109420143?
1
What is the tens digit of 394461065?
6
What is the hundreds digit of 322069232?
2
What is the tens digit of 1590513824?
2
What is the millions digit of 346229414?
6
What is the hundreds digit of 116116370?
3
What is the thousands digit of 85870758?
0
What is the units digit of 107506874?
4
What is the hundreds digit of 246169946?
9
What is the ten thousands digit of 2794810620?
1
What is the units digit of 49571914?
4
What is the ten millions digit of 116415902?
1
What is the ten thousands digit of 233988297?
8
What is the units digit of 1482246075?
5
What is the tens digit of 36357722?
2
What is the units digit of 19160545?
5
What is the hundreds digit of 50334315?
3
What is the millions digit of 1640533138?
0
What is the thousands digit of 43968990?
8
What is the units digit of 8742910?
0
What is the ten millions digit of 4824284841?
2
What is the ten millions digit of 39605477?
3
What is the ten thousands digit of 905940013?
4
What is the ten millions digit of 1884787296?
8
What is the hundred thousands digit of 91591084?
5
What is the hundreds digit of 4128801373?
3
What is the hundred millions digit of 1391750467?
3
What is the millions digit of 105172145?
5
What is the th